435606
In base 6, what is -342 - 144013125?
-144013511
In base 9, what is 107176 - 228?
106847
In base 10, what is -290 + -76186?
-76476
In base 9, what is 100163 + 16275?
116448
In base 8, what is -33660 - -4043?
-27615
In base 2, what is -1000000001001010010 + 11?
-1000000001001001111
In base 4, what is -212222 + 1010?
-211212
In base 8, what is 10756555 + 20?
10756575
In base 13, what is 1b13c + -21?
1b11b
In base 14, what is -103226 - a?
-103232
In base 2, what is -10011011011101 + 11111011111?
-1111011111110
In base 13, what is -2 + 37c0161?
37c015c
In base 14, what is -6 + -1864c9c?
-1864ca4
In base 14, what is -1 - 178033?
-178034
In base 16, what is 30100 + 4b1?
305b1
In base 7, what is -12 + 53134221?
53134206
In base 3, what is 2020012000001201 + 22?
2020012000002000
In base 12, what is 9b08 + 140b?
b317
In base 16, what is -1958 + -380b?
-5163
In base 8, what is 16301507 - -20?
16301527
In base 13, what is 32248 - -b34?
3307c
In base 12, what is 3 + 59b66753?
59b66756
In base 4, what is -12101203033 - 11?
-12101203110
In base 4, what is 10302222 + 11031?
10313313
In base 3, what is -1102 + -121120002022200?
-121120002101002
In base 5, what is -10 - 1230324232?
-1230324242
In base 5, what is -4 - 11410034302?
-11410034311
In base 11, what is -1481 - 3060?
-4531
In base 12, what is b2b2 + 4767?
13a59
In base 13, what is -30bc8 + 3?
-30bc5
In base 6, what is 14011 - -24105?
42120
In base 13, what is -1c447 - -262?
-1c1b5
In base 14, what is -406b1ad + -1c?
-406b1cb
In base 14, what is 97143cc - 4?
97143c8
In base 15, what is -13 - -78cc9?
78cb6
In base 3, what is 1011000002 - 1222221?
1002000011
In base 5, what is 1020424423 - 12?
1020424411
In base 5, what is 1 - 101310304441?
-101310304440
In base 8, what is 4 + -1453173?
-1453167
In base 4, what is -12 + 301200313320?
301200313302
In base 15, what is 509a4 + -2b?
50978
In base 8, what is -64403 - -2711?
-61472
In base 6, what is -324 + -10131113?
-10131441
In base 6, what is -5 + -121145332?
-121145341
In base 5, what is -33031100 + -12101?
-33043201
In base 3, what is 222200 - -10110202202?
10111202102
In base 11, what is 11 - 832400?
-83239a
In base 2, what is -10110011 + 10101010111101101101?
10101010111010111010
In base 3, what is -20212021210 + 1012?
-20212020121
In base 13, what is 782b7 + -a9?
7820b
In base 9, what is 5640 - -263451?
270201
In base 2, what is -100001001010010011 - 1010011?
-100001001011100110
In base 14, what is 24 + -9262d4?
-9262b0
In base 2, what is -100011100010001110110110101 - -100?
-100011100010001110110110001
In base 13, what is 68 + 28422c?
284297
In base 13, what is 55 + -406610?
-406588
In base 5, what is 133340303204 + -3?
133340303201
In base 7, what is 4503 + -3130?
1343
In base 13, what is 12a + -18c64?
-18b37
In base 16, what is 1c5cd + 182?
1c74f
In base 10, what is -4 + 9219508?
9219504
In base 9, what is 23 + 3331758?
3331782
In base 8, what is -137266273 + 3?
-137266270
In base 2, what is -1101100 + 110110001100101?
110101111111001
In base 4, what is -130331112 - 20032?
-131011210
In base 12, what is 11 - 920a32?
-920a21
In base 9, what is -11 + -7140214?
-7140225
In base 16, what is 19 - -1f69c1d?
1f69c36
In base 15, what is 1be0 - -909?
25e9
In base 16, what is -4 - 217fce?
-217fd2
In base 9, what is -2728613 - 8?
-2728622
In base 15, what is -350 - -3d3c?
39dc
In base 5, what is -432 + 4143233?
4142301
In base 16, what is -a - -4cc6b09?
4cc6aff
In base 10, what is -7 - -1093955?
1093948
In base 6, what is 23453 - -151?
24044
In base 12, what is a + aa48a1?
aa48ab
In base 15, what is -26e725 - 4?
-26e729
In base 5, what is -1 + -1220010020?
-1220010021
In base 8, what is 20 + 12213052?
12213072
In base 11, what is 3a2 - -1078?
146a
In base 3, what is -1012112122000012 - 11?
-1012112122000100
In base 14, what is -15437a + -5?
-154381
In base 16, what is -2 + 508a96?
508a94
In base 5, what is -2 + -143112322044?
-143112322101
In base 2, what is 100000011 - 11010010000010?
-11001101111111
In base 8, what is -10 - -261732300?
261732270
In base 11, what is -17123 - -5292?
-11941
In base 15, what is 3a - -5aaa42?
5aaa7c
In base 12, what is -23 + 3a974?
3a951
In base 4, what is -131332113110 + 0?
-131332113110
In base 12, what is -151381 - -533?
-150a4a
In base 2, what is 1110000111010111101011 - 101001?
1110000111010111000010
In base 11, what is 126554426 - 3?
126554423
In base 5, what is 1202 - -403204?
404411
In base 16, what is -1123 - -5d6?
-b4d
In base 6, what is -10 - 145445542?
-145445552
In base 3, what is 12 - -2200002201021112?
2200002201021201
In base 2, what is 10110110000011101010000010 + -11?
10110110000011101001111111
In base 10, what is -46 - -37986?
37940
In base 6, what is 105220251 - -13?
105220304
In base 2, what is 11001001101011 + 11101010?
11001101010101
In base 12, what is 4 + 28601b4?
28601b8
In base 10, what is -26628111 + -15?
-26628126
In base 11, what is -8429 - 190?
-8609
In base 5, what is -432240130434 + 10?
-432240130424
In base 10, what is -1 + -710296?
-710297
In base 8, what is 10125 - 16235?
-6110
In base 6, what is 405020202 - -330?
405020532
In base 9, what is 4 + 65474118?
65474123
In base 11, what is 86998041 + 2?
86998043
In base 8, what is 50714 + -13?
50701
In base 14, what is -3 + -17c92?
-17c95
In base 12, what is 81b + 17a2?
2401
In base 3, what is -10120200201 + -110?
-10120201011
In base 3, what is 21 - -1022221101121?
1022221101212
In base 4, what is 111333131002 + 1002?
111333132010
In base 2, what is -1111 + -101001111100101110101?
-101001111100110000100
In base 3, what is -10022221101022100 + -2?
-10022221101022102
In base 14, what is 342b + 915c?
c589
In base 14, what is dc2 - -266?
1248
In base 10, what is 356405 + 24?
356429
In base 13, what is -a727c416 - -2?
-a727c414
In base 14, what is 958b92 - -6?
958b98
In base 14, what is 5 - -1b453?
1b458
In base 3, what is -222222100012220 + 0?
-222222100012220
In base 7, what is 56 + 1260241?
1260330
In base 14, what is 3228a - -67?
32313
In base 5, what is 10441411 - 10?
10441401
In base 2, what is -10001011010 - -1111011001010?
1101001110000
In base 8, what is -136 + -40722412?
-40722550
In base 16, what is -5a7223 - -8?
-5a721b
In base 14, what is 9b - -a3cb?
a488
In base 12, what is -158b8b - -6a?
-158b21
In base 15, what is 1bb9 - bb4?
1005
In base 8, what is -312 - -1741630?
1741316
In base 16, what is 2 + -22507?
-22505
In base 7, what is 232311105 + 0?
232311105
In base 3, what is -1202101111120012 + 21?
-1202101111112221
In base 13, what is 9 - 962866?
-96285a
In base 5, what is -1021432 - -1432?
-1020000
In base 8, what is 10065447 - -47?
10065516
In base 12, what is -705a + 3a5?
-6875
In base 14, what is b + -6b7d72?
-6b7d65
In base 2, what is -111 + -101101000101010110100101?
-101101000101010110101100
In base 10, what is -3038 - 2454?
-5492
In base 11, what is -13 + -388549?
-388561
In base 12, what is -108a + 4434?
3366
In base 3, what is -11011210 + -112110210120?
-112121222100
In base 16, what is caa - 616?
694
In base 7, what is -6661400 - 13?
-6661413
In base 5, what is 110 - -32031303?
32031413
In base 14, what is -39517 + 2602?
-36d15
In base 13, what is -332 + 75905?
755a3
In base 12, what is 1447 + 75549?
76994
In base 4, what is -2210032 - 3112?
-2213210
In base 15, what is -4937d5 - 23?
-493808
In base 7, what is -4331 - -500214?
462553
In base 7, what is 1226 - 4040?
-2511
In base 4, what is 322222303332 - 20?
322222303312
In base 10, what is -4 - 11044288?
-11044292
In base 3, what is 100101220 + 101201220?
202010210
In base 6, what is -52015005 + 15?
-52014550
In base 10, what is 0 - 20629607?
-20629607
In base 8, what is 30254737 - -4?
30254743
In base 10, what is -79847943 - -1?
-79847942
In base 8, what is -2160 + 51275?
47115
In base 8, what is -116 + -157670?
-160006
In base 5, what is -233 - -3123230?
3122442
In base 11, what is -6 - -123a728?
123a722
In base 4, what is -30323103013 + 0?
-30323103013
In base 2, what is -11110101110001110011 + -1?
-11110101110001110100
In base 3, what is 1010102212020 - 102212?
1010102102101
In base 8, what is -23 - 3112656?
-3112701
In base 12, what is 229 + -382?
-155
In base 3, what is 101000121202010011 + 1?
101000121202010012
In base 11, what is -913769 - 10?
-913779
In b